hest common divisor of 72 and g.
8
Let d be (1/2)/(13/104). What is the greatest common divisor of d and 44?
4
Suppose -2*q - 6 - 8 = -5*v, -v - 4*q = 6. Suppose -l - v*k = k - 18, 2*k - 25 = -5*l. What is the highest common factor of 6 and l?
3
Let g be (4 + -3)/((-2)/(-14)). Let m be 0 - (-3)/(3/(-7)). Let q(k) = -3*k + 7. Let z be q(m). What is the greatest common factor of g and z?
7
Let d be (4/6)/(2*(-1)/(-27)). Calculate the greatest common divisor of d and 2.
1
Let x = 583 + -296. Let v be (-1)/((-2)/(x + -1)). What is the highest common divisor of 13 and v?
13
Suppose 3*c + x = -37, -3*c + 5*x + 55 = -8*c. Let q = -5 - c. Calculate the greatest common divisor of q and 8.
8
Let c(z) = -z**2 + 6*z - 6. Let l be c(4). Let d(g) = 65*g**2 + g + 2. Let n be d(l). Suppose p = -2*p + n. What is the highest common divisor of p and 8?
8
Let i(g) = 7*g**3 + g**2 - 8*g + 2. Let b be i(3). Let k = -5 + 21. What is the highest common divisor of k and b?
16
Let g(h) = -h**3 + 2*h**2 - 2*h + 4. Let x be g(-3). Suppose 0 = -i - o + 148, -5*i + 775 - x = o. What is the greatest common factor of 13 and i?
13
Let a be -10*(-3)/18*21. What is the highest common factor of a and 140?
35
Let b be (-1)/(0 - 1/3). What is the highest common divisor of 3 and b?
3
Let x be 4/(36/15)*9. Let y be (-6)/x + (-111)/(-15). Let h = 12 + -5. What is the greatest common divisor of h and y?
7
Let u = 12 + 35. Suppose u = 3*x - 7. Calculate the highest common divisor of 2 and x.
2
Let t be (0 - (2 + -6))*84. What is the highest common divisor of t and 48?
48
Let y = 483 - 235. What is the highest common factor of y and 62?
62
Let t be (2/1)/(8/12). Suppose 98 = t*l - 91. What is the highest common factor of 9 and l?
9
Suppose -12 = -3*a, 3*o + 3*a = 8*a + 1. Suppose -z = -2*z + o. Suppose -5*g + 92 = -13. Calculate the highest common factor of z and g.
7
Suppose 0*s + 956 = -4*s. Let z be -2 - (117 + -1 - -1). Let g = z - s. What is the highest common factor of g and 48?
24
Suppose -4*h + 13 = -3*d - 2*d, 0 = 4*h - 4*d - 16. Calculate the greatest common divisor of 49 and h.
7
Suppose 29*s = 32*s - 348. Calculate the highest common divisor of s and 29.
29
Let u = 10 - 3. Calculate the highest common factor of u and 7.
7
Let z = -23 + 39. Suppose -58*b = -57*b - 144. Calculate the highest common divisor of z and b.
16
Suppose 6*o - 840 = 2*o. Suppose b = 6*b - o. What is the greatest common factor of 28 and b?
14
Let m(h) = -5*h + 2. Let a be m(-6). Suppose 2*b = 6*b - a. Calculate the greatest common factor of 8 and b.
8
Let u(j) = j**2 - 4*j - 17. Let r be u(7). What is the greatest common factor of 8 and r?
4
Suppose 2*b - 2 = 2. Suppose -b*u - 3*u + 20 = 0. Suppose 2*z = -3*z + 220. Calculate the highest common divisor of u and z.
4
Suppose -168 = -2*f - 34. Let m be 3/5 + f/5. Let g(a) = -a**3 + 2*a**2 + 3*a - 6. Let t be g(-5). What is the greatest common factor of m and t?
14
Let a = 24 + -11. What is the highest common divisor of 65 and a?
13
Suppose g - 56 = -3*g. Let w be g + 4 + (-1 - 1). Let c = 8 - 4. What is the greatest common factor of w and c?
4
Let a be 1794/24 - (-6)/(-8). Suppose u + u - 108 = -4*h, 3*h + 5*u - a = 0. Calculate the greatest common factor of h and 56.
28
Let r be (-4 + (-40)/(-12))*-15. Let l(j) = 59*j**2 - 2*j - 1. Let y be l(-1). What is the greatest common divisor of r and y?
10
Suppose 0 = f - l - 15, -l + 67 - 2 = 3*f. Suppose -f = 2*z + 3*z. Let r = z - -20. What is the highest common factor of r and 8?
8
Suppose 2 = w + 1. What is the highest common divisor of 7 and w?
1
Suppose v - 203 - 97 = 0. Let w = v - 186. Suppose 3*p - w = -0*p. What is the highest common divisor of p and 95?
19
Let l = -20 - -11. Let d be (-6)/(-33) + l/(-11). Calculate the highest common factor of d and 7.
1
Let l(t) = 9*t + 11. Let g be l(11). Suppose h - i - 10 = 0, 1 = -2*h - 5*i + 21. Calculate the highest common factor of g and h.
10
Suppose g + 49 = t, 5*g = -t - 0*t + 25. Calculate the greatest common factor of t and 27.
9
Let n = -51 - -86. Let z be (-1)/(0 + (-96)/(-20) + -5). Calculate the greatest common divisor of z and n.
5
Suppose 3*u = -g - 2*g + 69, g - 3 = 0. What is the greatest common factor of 30 and u?
10
Suppose -9*n - 4*n = -546. What is the highest common factor of n and 336?
42
Let b(x) = -x**3 - 6*x**2 - 4*x + 6. Let r be b(-5). Let n be (100 - -3) + r + -4. What is the highest common factor of n and 40?
20
Suppose n + 5*v + 3 = 4, -3*n = 5*v - 53. Let k = 41 - n. Calculate the highest common factor of k and 6.
3
Let u(y) = y**3 + 12*y**2 + 8. Let z be u(-12). Suppose -3*s + 8*s = 0. Let c = s + 1. Calculate the greatest common factor of c and z.
1
Let m(v) = -v + 3. Let z be m(-8). What is the greatest common factor of z and 22?
11
Suppose 5*a + 0*t = t + 20, a + 5 = 2*t. Let x = 18 - a. What is the highest common divisor of x and 52?
13
Suppose -47 = -5*n - 2. Let y = -3 + n. What is the highest common factor of 9 and y?
3
Let h be (-119)/(-4) + (-13)/(-52). What is the highest common factor of 10 and h?
10
Let o be (-120 - 0)/3*-1. What is the highest common factor of o and 60?
20
Let p(a) = -4*a - 12. Let d be p(-8). What is the greatest common factor of 20 and d?
20
Let w be 7 + -7 - (1*135)/(-3). Calculate the highest common divisor of 5 and w.
5
Let k = 10 + -21. Let v = k + 17. Calculate the highest common factor of v and 54.
6
Let s = 131 + -69. Let r = s + 18. Let t = 23 - 3. What is the greatest common factor of r and t?
20
Let z = 239 - 625. Let r = -242 - z. Calculate the highest common factor of 18 and r.
18
Let v = 50 + 134. Let j be (23/(-3))/(2/(-6)). What is the highest common factor of j and v?
23
Let d(r) = -r + 26. Let c be d(8). Let w be 112/18 - (-4)/(-18). What is the greatest common factor of w and c?
6
Let w(c) = 2*c - 3. Let j(u) = 2*u - 2. Let d(h) = 3*j(h) - 2*w(h). Let g be d(4). What is the highest common divisor of g and 20?
4
Suppose -5*a + 2*b + 3 = -b, -a - 5 = -2*b. Let d(v) = 0*v**2 - a + 4 - 2*v - 2*v - v**2. Let u be d(-4). Calculate the highest common divisor of 11 and u.
1
Let b be ((-4)/(-6))/((-2)/(-69)). What is the highest common divisor of b and 46?
23
Let z = 33 + 47. Suppose 0 = -2*l - 16 + z. Calculate the highest common factor of 48 and l.
16
Let r = -58 - -142. Let c be (-4)/6*-3*2. Suppose -s - r = -c*s. Calculate the greatest common divisor of 4 and s.
4
Let l be 3/((-9)/(-6) + 0). Let h = 8 - l. Let x(q) = 3*q**2 - 5*q + 4. Let g be x(5). Calculate the greatest common divisor of g and h.
6
Let f(k) = 33*k. Let d be f(3). Let u = 12 - 1. Calculate the highest common factor of d and u.
11
Suppose 0 = 8*j - 15*j + 490. Calculate the highest common divisor of 28 and j.
14
Let t(u) = -14*u - 8. Let y be 10*(-3 + (-52)/(-20)). Let l be t(y). What is the greatest common divisor of l and 6?
6
Suppose 4*o = -o + 685. Let t = o - 448. Let l = t - -437. What is the highest common factor of 14 and l?
14
Suppose 39 = -3*n + 351. What is the greatest common factor of 13 and n?
13
Let f(i) = -i + 20. Let v be f(11). Let x(o) = -v*o + 11 - o**2 - 4*o + 4*o**2. Let m be x(8). Calculate the greatest common factor of m and 11.
11
Let l = 82 + 54. Let v be ((-2)/4)/((-1)/34). What is the greatest common divisor of l and v?
17
Let f(h) = h**3 - 2*h**2 + 3. Let n be f(4). Calculate the highest common factor of 7 and n.
7
Let d be -18*((-4)/(-2))/(-4). Suppose -3*m - d = -4*m. Calculate the highest common factor of 72 and m.
9
Suppose -t = -1 - 15. Calculate the highest common divisor of t and 16.
16
Let k be 3*5/1 - -2. Calculate the greatest common factor of 119 and k.
17
Let c be (-1)/(-2 - (-189)/96). Calculate the greatest common divisor of 16 and c.
16
Suppose 3*r + 41 + 40 = 0. Let v = 21 - r. Suppose y = 5*m + 37, 2*y + 2*m - 94 = -y. Calculate the highest common divisor of v and y.
16
Let k = 0 + 5. What is the greatest common divisor of 35 and k?
5
Let o be ((-308)/8)/(3/(-18)). Suppose f + 2*f + 18 = v, -110 = -5*v - 5*f. Calculate the highest common factor of v and o.
21
Let u = 23 + -8. Let v be (-85)/(-25) - (-2)/(-5) - -57. Calculate the greatest common factor of v and u.
15
Let f(m) = -7*m - 53. Let c be f(-8). Calculate the greatest common divisor of 69 and c.
3
Suppose 3*m = -